of 38124?
True
Is 7 a factor of 70665?
True
Does 21 divide 166570?
False
Is 21 a factor of 2132742?
False
Is 105890 a multiple of 9?
False
Does 245 divide 156555?
True
Does 22 divide 2684938?
False
Does 34 divide 185221?
False
Is 8 a factor of 4936?
True
Is 234 a factor of 286416?
True
Is 603240 a multiple of 88?
True
Does 195 divide 114465?
True
Does 19 divide 3336153?
True
Does 19 divide 4470225?
True
Is 236964 a multiple of 17?
False
Is 228946 a multiple of 274?
False
Is 151 a factor of 583011?
True
Does 1588 divide 22929132?
True
Is 17168708 a multiple of 462?
False
Does 7 divide 135368?
False
Does 222 divide 3890664?
False
Is 1147 a factor of 60791?
True
Does 17 divide 162335?
False
Is 1935968 a multiple of 202?
True
Is 36 a factor of 258901?
False
Is 11 a factor of 831776?
True
Does 132 divide 9725?
False
Does 43 divide 1597407?
True
Does 5 divide 237475?
True
Is 811224 a multiple of 228?
True
Is 235 a factor of 278659?
False
Is 13840268 a multiple of 428?
False
Is 22 a factor of 12873?
False
Is 209 a factor of 70521?
False
Does 14 divide 9393?
False
Is 6300322 a multiple of 6?
False
Does 7 divide 120666?
True
Does 17 divide 1183684?
False
Is 35432 a multiple of 540?
False
Does 12 divide 281808?
True
Is 2788483 a multiple of 979?
False
Does 5 divide 40846?
False
Does 284 divide 2895640?
False
Is 1734845 a multiple of 35?
True
Does 51 divide 1798515?
True
Is 28 a factor of 170802?
False
Is 11213687 a multiple of 53?
True
Is 349 a factor of 1697885?
True
Does 7 divide 393?
False
Is 27488320 a multiple of 170?
True
Is 975326 a multiple of 22?
True
Is 28 a factor of 39088?
True
Is 827794 a multiple of 138?
False
Does 136 divide 423726?
False
Is 57 a factor of 1754144?
False
Is 10 a factor of 650860?
True
Is 91140 a multiple of 10?
True
Is 104982 a multiple of 273?
False
Is 79 a factor of 334732?
False
Is 4 a factor of 185535?
False
Does 137 divide 18194970?
True
Does 16 divide 1010448?
True
Does 97 divide 1256425?
False
Does 89 divide 1021282?
False
Is 12 a factor of 164580?
True
Is 910197 a multiple of 773?
False
Does 146 divide 229678?
False
Is 343 a factor of 562256?
False
Does 161 divide 35098?
True
Does 60 divide 699770?
False
Does 146 divide 1564098?
True
Is 656108 a multiple of 38?
True
Is 364770 a multiple of 4?
False
Does 21 divide 3875909?
False
Is 11 a factor of 322846?
False
Is 766121 a multiple of 91?
False
Is 1102860 a multiple of 36?
True
Is 211507 a multiple of 386?
False
Is 641509 a multiple of 14?
False
Does 19 divide 9488942?
True
Is 90713 a multiple of 615?
False
Is 1632510 a multiple of 33?
True
Is 4119483 a multiple of 718?
False
Is 957236 a multiple of 7?
True
Is 297 a factor of 67669?
False
Is 317 a factor of 153420?
False
Is 700146 a multiple of 4?
False
Is 992289 a multiple of 15?
False
Is 60 a factor of 522660?
True
Is 187 a factor of 1178474?
True
Is 715468 a multiple of 26?
True
Does 29 divide 4301907?
False
Is 302519 a multiple of 130?
False
Is 4424238 a multiple of 546?
True
Is 24 a factor of 1272336?
True
Is 101200 a multiple of 440?
True
Is 18959476 a multiple of 162?
False
Is 6281258 a multiple of 18?
False
Does 258 divide 1906032?
False
Does 155 divide 9958750?
True
Does 237 divide 267336?
True
Is 1612 a factor of 5977296?
True
Is 349 a factor of 1200461?
False
Does 15 divide 62108?
False
Is 572550 a multiple of 22?
True
Is 8756 a multiple of 9?
False
Does 113 divide 8980110?
True
Is 27 a factor of 92826?
True
Is 2653316 a multiple of 7?
False
Is 827393 a multiple of 97?
False
Does 123 divide 10497927?
True
Does 248 divide 822368?
True
Is 124084 a multiple of 13?
False
Is 235140 a multiple of 428?
False
Is 2805277 a multiple of 203?
False
Is 63580 a multiple of 20?
True
Is 2559787 a multiple of 19?
False
Does 34 divide 1254464?
True
Is 12 a factor of 195804?
True
Does 43 divide 403256?
False
Does 69 divide 1123798?
False
Is 189544 a multiple of 83?
False
Does 34 divide 3438490?
False
Is 260 a factor of 2024276?
False
Is 161 a factor of 3998374?
False
Is 300 a factor of 1773666?
False
Is 17532067 a multiple of 319?
False
Is 7 a factor of 533249?
False
Is 85 a factor of 379721?
False
Does 70 divide 1298570?
True
Is 354305 a multiple of 35?
True
Is 54 a factor of 1871447?
False
Is 38 a factor of 12252250?
False
Does 769 divide 2607679?
True
Does 35 divide 912899?
False
Is 21528 a multiple of 92?
True
Is 73278 a multiple of 118?
True
Is 13 a factor of 6250278?
False
Is 34 a factor of 414001?
False
Is 43953 a multiple of 49?
True
Is 28 a factor of 362096?
True
Is 3126690 a multiple of 3?
True
Does 867 divide 21679896?
False
Is 111552 a multiple of 7?
True
Is 11 a factor of 1816640?
False
Is 33735 a multiple of 39?
True
Is 28829 a multiple of 3?
False
Is 132737 a multiple of 121?
True
Does 2 divide 12794?
True
Is 26 a factor of 5323552?
True
Is 223062 a multiple of 32?
False
Is 6773301 a multiple of 9?
True
Does 12 divide 33454233?
False
Does 14 divide 670673?
False
Does 293 divide 2094950?
True
Does 110 divide 3936790?
True
Is 12424628 a multiple of 20?
False
Is 68 a factor of 476270?
False
Is 127 a factor of 255905?
True
Does 30 divide 1130612?
False
Is 11 a factor of 316099?
False
Is 184199 a multiple of 582?
False
Does 957 divide 11260367?
False
Is 599 a factor of 3701235?
False
Is 496 a factor of 67952?
True
Does 285 divide 1425627?
False
Does 12 divide 2056620?
True
Does 15 divide 4063335?
True
Is 13 a factor of 5122?
True
Is 16510448 a multiple of 8?
True
Is 4510 a multiple of 11?
True
Is 73794 a multiple of 7?
True
Does 107 divide 90683?
False
Is 240 a factor of 1033743?
False
Is 2030 a multiple of 6?
False
Is 43 a factor of 2010802?
False
Is 11 a factor of 8741579?
True
Is 6561544 a multiple of 52?
False
Is 415238 a multiple of 24?
False
Does 103 divide 2088506?
False
Does 18 divide 213408?
True
Is 16 a factor of 213025?
False
Is 10 a factor of 1877370?
True
Does 116 divide 120176?
True
Is 16357 a multiple of 162?
False
Is 32 a factor of 68032?
True
Does 10 divide 1806?
False
Is 20 a factor of 473380?
True
Is 17367 a multiple of 7?
True
Is 61 a factor of 694912?
True
Does 96 divide 342240?
True
Does 126 divide 1527910?
False
Is 90728 a multiple of 88?
True
Is 1277248 a multiple of 28?
True
Is 1558676 a multiple of 1104?
False
Does 351 divide 988767?
True
Is 14 a factor of 21719108?
False
Is 94 a factor of 2465808?
True
Is 12 a factor of 5815416?
True
Is 779759 a multiple of 264?
False
Does 779 divide 1223911?
False
Is 19 a factor of 97643?
False
Does 111 divide 730234?
False
Is 505599 a multiple of 19?
False
Is 939313 a multiple of 56?
False
Does 25 divide 182175?
True
Is 4 a factor of 1188760?
True
Is 28 a factor of 2161880?
True
Does 10 divide 405890?
True
Is 354858 a multiple of 34?
True
Is 323050 a multiple of 71?
True
Is 704803 a multiple of 187?
True
Is 17 a factor of 459337?
False
Does 362 divide 118195?
False
Is 38133 a multiple of 86?
False
Is 14 a factor of 60782?
False
Is 15 a factor of 1268130?
True
Does 7 divide 5098621?
False
Is 6 a factor of 1483554?
True
Is 6 a factor of 300216?
True
Does 2 divide 358773?
False
Does 1981 divide 13720406?
True
Is 64 a factor of 1324526?
False
Does 120 divide 3318055?
False
Does 805 divide 1644615?
True
Does 73 divide 1559875?
False
Does 26 divide 215460?
False
Is 56 a factor of 126843?
False
Is 8 a factor of 46040?
True
Does 13 divide 27403?
False
Is 79 a factor of 1409202?
True
Does 60 divide 243720?
True
Is 17 a factor of 2216256?
True
Is 4749552 a multiple of 24?
True
Is 34 a factor of 23068150?
True
Is 214208 a multiple of 281?
False
Is 189123 a multiple of 11?
True
Does 333 divide 137196?
True
Does 18 divide 5375475?
False
Is 128 a factor of 156310?
False
Is 48 a factor of 42528?
True
Is 80237 even?
False
Does 1149 divide 6580055?
False
Is 13099 a multiple of 6?
False
Does 17 divide 315537?
True
Is 1977791 a multiple of 14?
False
Is 138262 a multiple of 10?
False
Is 3 a factor of 573537?
True
Is 2031706 a multiple of 1598?
False
Is 229 a factor of 412295?
False
Is 27 a factor of 363134?
False
Does 368 divide 1010896?
True
Does 163 divide 832604?
True
Does 219 divide 239586?
True
Is 67240 a multiple of 3?
False
Does 298 divide 25330?
True
Does 84 divide 7771680?
True
Is 191 a factor of 2359996?
True
Does 73 divide 2779913?
True
Does 15 divide 4695